{"id":27,"date":"2025-03-26T12:28:14","date_gmt":"2025-03-26T11:28:14","guid":{"rendered":"https:\/\/lejournalpes.fr\/?page_id=27"},"modified":"2025-04-01T13:15:52","modified_gmt":"2025-04-01T11:15:52","slug":"qui-sommes-nous","status":"publish","type":"page","link":"https:\/\/lejournalpes.fr\/index.php\/qui-sommes-nous\/","title":{"rendered":"Qui sommes-nous ?"},"content":{"rendered":"\n<p>Un collectif de personnes b\u00e9n\u00e9voles de la r\u00e9gion Rh\u00f4ne-Alpes qui s\u2019est r\u00e9uni pour construire un m\u00e9dia d\u2019informations ind\u00e9pendant et local.<\/p>\n\n\n\n<p>Le Journ\u2018Alpes est un moyen de transmettre des informations et de s\u2019informer.<\/p>\n\n\n\n<p>Nous sommes convaincus que l\u2019information contribue \u00e0 la r\u00e9flexion, \u00e0 susciter des questions et permet de construire des solutions. Pr\u00e9occup\u00e9-e-s par l\u2019avenir de la plan\u00e8te et de notre soci\u00e9t\u00e9, nous nous engageons avec \u00ab&nbsp;Le Journ\u2019Alpes&nbsp;\u00bb \u00e0 promouvoir la vie d\u00e9mocratique dans notre r\u00e9gion, indissociable de la libert\u00e9 d\u2019expression et des principes fondamentaux.<\/p>\n\n\n\n<p>Nous sommes persuad\u00e9-e-s que la diversit\u00e9 est source de compl\u00e9mentarit\u00e9 et non d\u2019exclusion, que les divergences doivent servir le d\u00e9bat et que l\u2019information ne peut cohabiter avec l\u2019uniforme et l\u2019uniformit\u00e9.<\/p>\n\n\n\n<p class=\"has-vivid-cyan-blue-color has-text-color has-link-color wp-elements-8e11115e5e1bd897ea61e5a832f7050f\">Nous sommes attach\u00e9-e-s aux r\u00e8gles fondamentales qui permettent de vivre ensemble en restant fid\u00e8les au mot \u00ab&nbsp;Libert\u00e9&nbsp;\u00bb que la R\u00e9publique d\u00e9finit \u00e0 l\u2019article 4 de la <a href=\"https:\/\/www.conseil-constitutionnel.fr\/le-bloc-de-constitutionnalite\/declaration-des-droits-de-l-homme-et-du-citoyen-de-1789\" target=\"_blank\" rel=\"noreferrer noopener\"><strong>D\u00e9claration des droits de l\u2019Homme et du citoyen<\/strong><\/a>&nbsp;:<\/p>\n\n\n\n<p><em>\u00ab&nbsp;La libert\u00e9 consiste \u00e0 pouvoir faire tout ce qui ne nuit pas \u00e0 autrui\u2026&nbsp;\u00bb<\/em><\/p>\n\n\n\n<p class=\"has-vivid-cyan-blue-color has-text-color has-link-color wp-elements-18ba493c9f5ff15cbb0110a1d694ef12\">Nous y ajoutons <em>\u00ab\u00a0et \u00e0 l\u2019environnement\u00a0\u00bb<\/em> comme nous y oblige la <a href=\"https:\/\/www.conseil-constitutionnel.fr\/le-bloc-de-constitutionnalite\/charte-de-l-environnement-de-2004\" target=\"_blank\" rel=\"noreferrer noopener\"><strong>Charte de l\u2019environnement<\/strong><\/a>.<\/p>\n\n\n\n<p class=\"has-vivid-cyan-blue-color has-text-color has-link-color wp-elements-1304c2d89e8ce521352baf3127b16851\">Nous consid\u00e9rons l\u2019\u00e9galit\u00e9 comme le socle du \u00ab&nbsp;vivre ensemble&nbsp;\u00bb et nous r\u00e9f\u00e9rons au <a href=\"https:\/\/www.conseil-constitutionnel.fr\/le-bloc-de-constitutionnalite\/preambule-de-la-constitution-du-27-octobre-1946\" target=\"_blank\" rel=\"noreferrer noopener\"><strong>Pr\u00e9ambule de la Constitution du 27 octobre 1946<\/strong><\/a> notamment pour l\u2019\u00e9galit\u00e9 des droits des femmes et des hommes garantie d\u00e8s le troisi\u00e8me alin\u00e9a.<\/p>\n\n\n\n<p class=\"has-vivid-cyan-blue-color has-text-color has-link-color wp-elements-f1d7415f0b7880573a1a49cb21d254af\">La <a href=\"https:\/\/www.echr.coe.int\/documents\/d\/echr\/convention_FRA\" target=\"_blank\" rel=\"noreferrer noopener\"><strong>Convention Europ\u00e9enne des Droits de l\u2019Homme<\/strong><\/a> inspire \u00e9galement nos engagements ainsi que la <a href=\"https:\/\/www.europarl.europa.eu\/charter\/pdf\/text_fr.pdf\" target=\"_blank\" rel=\"noreferrer noopener\"><strong>Charte des droits fondamentaux de l\u2019Union Europ\u00e9enne<\/strong><\/a>.<\/p>\n\n\n\n<p>Nous sommes donc attach\u00e9-e-s \u00e0 l\u2019article 11 de la D\u00e9claration des droits de l\u2019Homme et du citoyen&nbsp;:<\/p>\n\n\n\n<p><em>\u00ab&nbsp;Art. 11. <\/em><em>La libre communication des pens\u00e9es et des opinions est un des droits les plus pr\u00e9cieux de l&rsquo;Homme : tout Citoyen peut donc parler, \u00e9crire, imprimer librement, sauf \u00e0 r\u00e9pondre de l&rsquo;abus de cette libert\u00e9 dans les cas d\u00e9termin\u00e9s par la Loi.&nbsp;\u00bb<\/em><em><\/em><\/p>\n\n\n\n<p>A l\u2019article 11 de la Charte des droits fondamentaux de l\u2019Union Europ\u00e9enne&nbsp;:<\/p>\n\n\n\n<p><em>\u00ab&nbsp;Article 11&nbsp;: <\/em><strong><em>Libert\u00e9 d&rsquo;expression et d&rsquo;information<\/em><\/strong><\/p>\n\n\n\n<p><em>1. Toute personne a droit \u00e0 la libert\u00e9 d&rsquo;expression. Ce droit comprend la libert\u00e9 d&rsquo;opinion et la libert\u00e9 de recevoir ou de communiquer des informations ou des id\u00e9es sans qu&rsquo;il puisse y avoir ing\u00e9rence d&rsquo;autorit\u00e9s publiques et sans consid\u00e9ration de fronti\u00e8res.<\/em><\/p>\n\n\n\n<p><em>2. La libert\u00e9 des m\u00e9dias et leur pluralisme sont respect\u00e9s.&nbsp;\u00bb<\/em><\/p>\n\n\n\n<p class=\"has-luminous-vivid-orange-color has-text-color has-link-color wp-elements-6f77a84b812f7942cc13197cdf293740\"><strong>Si vous partagez ces convictions, rejoignez-nous pour r\u00e9aliser ensemble Le Journ\u2019Alpes.<\/strong><\/p>\n\n\n\n<p class=\"has-vivid-cyan-blue-color has-text-color has-link-color wp-elements-7195a78ab186fa59fc1f602b6be81e9d\"><strong><a href=\"mailto:redaction@lejournalpes.fr\" target=\"_blank\" rel=\"noreferrer noopener\">redaction@lejournalpes.fr<\/a><\/strong><\/p>\n\n\n\n<p><\/p>\n","protected":false},"excerpt":{"rendered":"<p>Un collectif de personnes b\u00e9n\u00e9voles de la r\u00e9gion Rh\u00f4ne-Alpes qui s\u2019est r\u00e9uni pour construire un m\u00e9dia d\u2019informations ind\u00e9pendant et local. Le Journ\u2018Alpes est un moyen de transmettre des informations et de s\u2019informer. Nous sommes convaincus que l\u2019information contribue \u00e0 la r\u00e9flexion, \u00e0 susciter des questions et permet de construire des solutions. Pr\u00e9occup\u00e9-e-s par l\u2019avenir de [&hellip;]<\/p>\n","protected":false},"author":1,"featured_media":0,"parent":0,"menu_order":2,"comment_status":"closed","ping_status":"closed","template":"","meta":{"footnotes":""},"class_list":["post-27","page","type-page","status-publish","hentry"],"_links":{"self":[{"href":"https:\/\/lejournalpes.fr\/index.php\/wp-json\/wp\/v2\/pages\/27","targetHints":{"allow":["GET"]}}],"collection":[{"href":"https:\/\/lejournalpes.fr\/index.php\/wp-json\/wp\/v2\/pages"}],"about":[{"href":"https:\/\/lejournalpes.fr\/index.php\/wp-json\/wp\/v2\/types\/page"}],"author":[{"embeddable":true,"href":"https:\/\/lejournalpes.fr\/index.php\/wp-json\/wp\/v2\/users\/1"}],"replies":[{"embeddable":true,"href":"https:\/\/lejournalpes.fr\/index.php\/wp-json\/wp\/v2\/comments?post=27"}],"version-history":[{"count":5,"href":"https:\/\/lejournalpes.fr\/index.php\/wp-json\/wp\/v2\/pages\/27\/revisions"}],"predecessor-version":[{"id":55,"href":"https:\/\/lejournalpes.fr\/index.php\/wp-json\/wp\/v2\/pages\/27\/revisions\/55"}],"wp:attachment":[{"href":"https:\/\/lejournalpes.fr\/index.php\/wp-json\/wp\/v2\/media?parent=27"}],"curies":[{"name":"wp","href":"https:\/\/api.w.org\/{rel}","templated":true}]}}