{"id":18,"date":"2025-03-26T12:25:39","date_gmt":"2025-03-26T11:25:39","guid":{"rendered":"https:\/\/lejournalpes.fr\/?page_id=18"},"modified":"2026-04-12T21:32:28","modified_gmt":"2026-04-12T19:32:28","slug":"nos-videos","status":"publish","type":"page","link":"https:\/\/lejournalpes.fr\/index.php\/nos-videos\/","title":{"rendered":"NOS VIDEOS"},"content":{"rendered":"\n<h3 class=\"wp-block-heading\">Les \u00e9ditions pr\u00e9c\u00e9dentes : <\/h3>\n\n\n\n<figure class=\"wp-block-embed is-type-video is-provider-youtube wp-block-embed-youtube wp-embed-aspect-16-9 wp-has-aspect-ratio\"><div class=\"wp-block-embed__wrapper\">\n<iframe loading=\"lazy\" title=\"Journ&#039;Alpes n\u00b018 - Femmes dans l&#039;agriculture, l&#039;apr\u00e8s municipales, du nouveau dans le Journ&#039;Alpes\" width=\"500\" height=\"281\" src=\"https:\/\/www.youtube.com\/embed\/zHb0hPqbtbQ?feature=oembed\" frameborder=\"0\" allow=\"accelerometer; autoplay; clipboard-write; encrypted-media; gyroscope; picture-in-picture; web-share\" referrerpolicy=\"strict-origin-when-cross-origin\" allowfullscreen><\/iframe>\n<\/div><figcaption class=\"wp-element-caption\">Journ&rsquo;Alpes du 29 mars 2026<\/figcaption><\/figure>\n\n\n\n<figure class=\"wp-block-embed is-type-video is-provider-youtube wp-block-embed-youtube wp-embed-aspect-16-9 wp-has-aspect-ratio\"><div class=\"wp-block-embed__wrapper\">\n<iframe loading=\"lazy\" title=\"Journ&#039;Alpes n\u00b017 - Municipales citoyennes, M\u00e9dias et d\u00e9c\u00e8s de Q.Deranque, le Journ&#039;Alpes avec vous !\" width=\"500\" height=\"281\" src=\"https:\/\/www.youtube.com\/embed\/BvgzgPOlPt4?feature=oembed\" frameborder=\"0\" allow=\"accelerometer; autoplay; clipboard-write; encrypted-media; gyroscope; picture-in-picture; web-share\" referrerpolicy=\"strict-origin-when-cross-origin\" allowfullscreen><\/iframe>\n<\/div><figcaption class=\"wp-element-caption\">Journ&rsquo;Alpes du 8 mars 2026<\/figcaption><\/figure>\n\n\n\n<figure class=\"wp-block-embed is-type-video is-provider-youtube wp-block-embed-youtube wp-embed-aspect-16-9 wp-has-aspect-ratio\"><div class=\"wp-block-embed__wrapper\">\n<iframe loading=\"lazy\" title=\"Journ&#039;Alpes n\u00b016 - Prix de l&#039;eau, Fin des pap\u00e8teries, Fakenews au gouvernement, Trump &amp; pol-ICE\" width=\"500\" height=\"281\" src=\"https:\/\/www.youtube.com\/embed\/F85iDAK4j_s?feature=oembed\" frameborder=\"0\" allow=\"accelerometer; autoplay; clipboard-write; encrypted-media; gyroscope; picture-in-picture; web-share\" referrerpolicy=\"strict-origin-when-cross-origin\" allowfullscreen><\/iframe>\n<\/div><figcaption class=\"wp-element-caption\">Journ&rsquo;Alpes du 15 f\u00e9vrier 2026<\/figcaption><\/figure>\n\n\n\n<figure class=\"wp-block-embed is-type-video is-provider-youtube wp-block-embed-youtube wp-embed-aspect-16-9 wp-has-aspect-ratio\"><div class=\"wp-block-embed__wrapper\">\n<iframe loading=\"lazy\" title=\"Journ&#039;Alpes n\u00b015 - Budget, Grenouille &amp; Repr\u00e9sentation\" width=\"500\" height=\"281\" src=\"https:\/\/www.youtube.com\/embed\/MvfuOM6ux4U?feature=oembed\" frameborder=\"0\" allow=\"accelerometer; autoplay; clipboard-write; encrypted-media; gyroscope; picture-in-picture; web-share\" referrerpolicy=\"strict-origin-when-cross-origin\" allowfullscreen><\/iframe>\n<\/div><figcaption class=\"wp-element-caption\">Journ&rsquo;Alpes du 24 janvier 2026<\/figcaption><\/figure>\n\n\n\n<figure class=\"wp-block-embed is-type-video is-provider-youtube wp-block-embed-youtube wp-embed-aspect-16-9 wp-has-aspect-ratio\"><div class=\"wp-block-embed__wrapper\">\n<iframe loading=\"lazy\" title=\"Le JOURN&#039;Alpes Le JT N\u00b09 - Patrimoine privatis\u00e9 \/ Absence de transparence\" width=\"500\" height=\"281\" src=\"https:\/\/www.youtube.com\/embed\/YGY03jM-lME?feature=oembed\" frameborder=\"0\" allow=\"accelerometer; autoplay; clipboard-write; encrypted-media; gyroscope; picture-in-picture; web-share\" referrerpolicy=\"strict-origin-when-cross-origin\" allowfullscreen><\/iframe>\n<\/div><figcaption class=\"wp-element-caption\">Journ&rsquo;Alpes du 21 septembre 2025<\/figcaption><\/figure>\n\n\n\n<figure class=\"wp-block-embed is-type-video is-provider-youtube wp-block-embed-youtube wp-embed-aspect-16-9 wp-has-aspect-ratio\"><div class=\"wp-block-embed__wrapper\">\n<iframe loading=\"lazy\" title=\"Le JOURN&#039;Alpes Le JT N8 La rentr\u00e9e politique, \u00e9ducative, culturelle\" width=\"500\" height=\"281\" src=\"https:\/\/www.youtube.com\/embed\/OtISD6Pt-nk?feature=oembed\" frameborder=\"0\" allow=\"accelerometer; autoplay; clipboard-write; encrypted-media; gyroscope; picture-in-picture; web-share\" referrerpolicy=\"strict-origin-when-cross-origin\" allowfullscreen><\/iframe>\n<\/div><figcaption class=\"wp-element-caption\">Le Journ&rsquo;Alpes du 30 Ao\u00fbt 2025 <\/figcaption><\/figure>\n\n\n\n<figure class=\"wp-block-embed is-type-video is-provider-youtube wp-block-embed-youtube wp-embed-aspect-16-9 wp-has-aspect-ratio\"><div class=\"wp-block-embed__wrapper\">\n<iframe loading=\"lazy\" title=\"Le Journ&#039;Alpes n\u00b07 - Tunnels, Barrages, Abattage de troupeaux, Arr\u00eat\u00e9s pr\u00e9fectoraux\" width=\"500\" height=\"281\" src=\"https:\/\/www.youtube.com\/embed\/Dpk9RLYyUVE?feature=oembed\" frameborder=\"0\" allow=\"accelerometer; autoplay; clipboard-write; encrypted-media; gyroscope; picture-in-picture; web-share\" referrerpolicy=\"strict-origin-when-cross-origin\" allowfullscreen><\/iframe>\n<\/div><figcaption class=\"wp-element-caption\">Le Journ&rsquo;Alpes du 10 Ao\u00fbt 2025<\/figcaption><\/figure>\n\n\n\n<figure class=\"wp-block-embed is-type-video is-provider-youtube wp-block-embed-youtube wp-embed-aspect-16-9 wp-has-aspect-ratio\"><div class=\"wp-block-embed__wrapper\">\n<iframe loading=\"lazy\" title=\"Le Journ&#039;Alpes 6 - D\u00e9put\u00e9s : Un an de mandat pour quel bilan ?\" width=\"500\" height=\"281\" src=\"https:\/\/www.youtube.com\/embed\/GBDcg3-tmgY?feature=oembed\" frameborder=\"0\" allow=\"accelerometer; autoplay; clipboard-write; encrypted-media; gyroscope; picture-in-picture; web-share\" referrerpolicy=\"strict-origin-when-cross-origin\" allowfullscreen><\/iframe>\n<\/div><figcaption class=\"wp-element-caption\">Le Journ&rsquo;Alpes du 20 juillet 2025<\/figcaption><\/figure>\n\n\n\n<figure class=\"wp-block-embed is-type-video is-provider-youtube wp-block-embed-youtube wp-embed-aspect-16-9 wp-has-aspect-ratio\"><div class=\"wp-block-embed__wrapper\">\n<iframe loading=\"lazy\" title=\"Le Journ&#039;Alpes - La Tarentaise sera-t-elle une poubelle SEVESO ?\" width=\"500\" height=\"281\" src=\"https:\/\/www.youtube.com\/embed\/U_9sTIVn-io?feature=oembed\" frameborder=\"0\" allow=\"accelerometer; autoplay; clipboard-write; encrypted-media; gyroscope; picture-in-picture; web-share\" referrerpolicy=\"strict-origin-when-cross-origin\" allowfullscreen><\/iframe>\n<\/div><figcaption class=\"wp-element-caption\">Le Jpurn&rsquo;Alpes, \u00e9dition du 29 juin 2025<\/figcaption><\/figure>\n\n\n\n<figure class=\"wp-block-embed is-type-video is-provider-youtube wp-block-embed-youtube wp-embed-aspect-16-9 wp-has-aspect-ratio\"><div class=\"wp-block-embed__wrapper\">\n<iframe loading=\"lazy\" title=\"Le Journ&#039;Alpes, Maltraitance d&#039;enfants en Savoie, l\u2019\u00c9tat savait\" width=\"500\" height=\"281\" src=\"https:\/\/www.youtube.com\/embed\/i69Yx0KEU1s?feature=oembed\" frameborder=\"0\" allow=\"accelerometer; autoplay; clipboard-write; encrypted-media; gyroscope; picture-in-picture; web-share\" referrerpolicy=\"strict-origin-when-cross-origin\" allowfullscreen><\/iframe>\n<\/div><figcaption class=\"wp-element-caption\">Le Journ&rsquo;Alpes, \u00e9dition du 8 juin 2025<\/figcaption><\/figure>\n\n\n\n<figure class=\"wp-block-embed is-type-video is-provider-youtube wp-block-embed-youtube wp-embed-aspect-16-9 wp-has-aspect-ratio\"><div class=\"wp-block-embed__wrapper\">\n<iframe loading=\"lazy\" title=\"Le Journ&#039;Alpes, l&#039;info ind\u00e9pendante et locale -18 mai 2025\" width=\"500\" height=\"281\" src=\"https:\/\/www.youtube.com\/embed\/mhultBtYoio?feature=oembed\" frameborder=\"0\" allow=\"accelerometer; autoplay; clipboard-write; encrypted-media; gyroscope; picture-in-picture; web-share\" referrerpolicy=\"strict-origin-when-cross-origin\" allowfullscreen><\/iframe>\n<\/div><figcaption class=\"wp-element-caption\">Le Journ&rsquo;Alpes, \u00e9dition du 18 mai 2025<\/figcaption><\/figure>\n\n\n\n<figure class=\"wp-block-embed is-type-video is-provider-youtube wp-block-embed-youtube wp-embed-aspect-16-9 wp-has-aspect-ratio\"><div class=\"wp-block-embed__wrapper\">\n<iframe loading=\"lazy\" title=\"Le Journ&#039;Alpes, l&#039;info ind\u00e9pendante et locale - 27 avril 2025\" width=\"500\" height=\"281\" src=\"https:\/\/www.youtube.com\/embed\/q_v_pFO6M04?feature=oembed\" frameborder=\"0\" allow=\"accelerometer; autoplay; clipboard-write; encrypted-media; gyroscope; picture-in-picture; web-share\" referrerpolicy=\"strict-origin-when-cross-origin\" allowfullscreen><\/iframe>\n<\/div><figcaption class=\"wp-element-caption\">Le Journ&rsquo;Alpes, \u00e9dition du 27 avril 2025<\/figcaption><\/figure>\n\n\n\n<figure class=\"wp-block-embed is-type-video is-provider-youtube wp-block-embed-youtube wp-embed-aspect-16-9 wp-has-aspect-ratio\"><div class=\"wp-block-embed__wrapper\">\n<iframe loading=\"lazy\" title=\"LE JOURNALPES, l&#039;info ind\u00e9pendante et locale - 6 avril 2025\" width=\"500\" height=\"281\" src=\"https:\/\/www.youtube.com\/embed\/QNCuu_0yQ_Y?feature=oembed\" frameborder=\"0\" allow=\"accelerometer; autoplay; clipboard-write; encrypted-media; gyroscope; picture-in-picture; web-share\" referrerpolicy=\"strict-origin-when-cross-origin\" allowfullscreen><\/iframe>\n<\/div><figcaption class=\"wp-element-caption\">Le Journ&rsquo;Alpes, \u00e9dition du 6 avril 2025<\/figcaption><\/figure>\n\n\n\n<figure class=\"wp-block-embed is-type-video is-provider-youtube wp-block-embed-youtube wp-embed-aspect-16-9 wp-has-aspect-ratio\"><div class=\"wp-block-embed__wrapper\">\n<iframe loading=\"lazy\" title=\"Teaser pour le Journ&#039;Alpes, cr\u00e9\u00e9 en avril 2025\" width=\"500\" height=\"281\" src=\"https:\/\/www.youtube.com\/embed\/VbJsPFRcsUg?feature=oembed\" frameborder=\"0\" allow=\"accelerometer; autoplay; clipboard-write; encrypted-media; gyroscope; picture-in-picture; web-share\" referrerpolicy=\"strict-origin-when-cross-origin\" allowfullscreen><\/iframe>\n<\/div><\/figure>\n\n\n\n<p><\/p>\n","protected":false},"excerpt":{"rendered":"<p>Les \u00e9ditions pr\u00e9c\u00e9dentes :<\/p>\n","protected":false},"author":1,"featured_media":0,"parent":0,"menu_order":1,"comment_status":"closed","ping_status":"closed","template":"","meta":{"footnotes":""},"class_list":["post-18","page","type-page","status-publish","hentry"],"_links":{"self":[{"href":"https:\/\/lejournalpes.fr\/index.php\/wp-json\/wp\/v2\/pages\/18","targetHints":{"allow":["GET"]}}],"collection":[{"href":"https:\/\/lejournalpes.fr\/index.php\/wp-json\/wp\/v2\/pages"}],"about":[{"href":"https:\/\/lejournalpes.fr\/index.php\/wp-json\/wp\/v2\/types\/page"}],"author":[{"embeddable":true,"href":"https:\/\/lejournalpes.fr\/index.php\/wp-json\/wp\/v2\/users\/1"}],"replies":[{"embeddable":true,"href":"https:\/\/lejournalpes.fr\/index.php\/wp-json\/wp\/v2\/comments?post=18"}],"version-history":[{"count":24,"href":"https:\/\/lejournalpes.fr\/index.php\/wp-json\/wp\/v2\/pages\/18\/revisions"}],"predecessor-version":[{"id":212,"href":"https:\/\/lejournalpes.fr\/index.php\/wp-json\/wp\/v2\/pages\/18\/revisions\/212"}],"wp:attachment":[{"href":"https:\/\/lejournalpes.fr\/index.php\/wp-json\/wp\/v2\/media?parent=18"}],"curies":[{"name":"wp","href":"https:\/\/api.w.org\/{rel}","templated":true}]}}

<h3 class="wp-block-heading">Les éditions précédentes : </h3>



<figure class="wp-block-embed is-type-video is-provider-youtube wp-block-embed-youtube wp-embed-aspect-16-9 wp-has-aspect-ratio"><div class="wp-block-embed__wrapper">
<iframe loading="lazy" title="Journ&#039;Alpes n°18 - Femmes dans l&#039;agriculture, l&#039;après municipales, du nouveau dans le Journ&#039;Alpes" width="500" height="281" src="https://www.youtube.com/embed/zHb0hPqbtbQ?feature=oembed" frameborder="0" allow="accelerometer; autoplay; clipboard-write; encrypted-media; gyroscope; picture-in-picture; web-share" referrerpolicy="strict-origin-when-cross-origin" allowfullscreen></iframe>
</div><figcaption class="wp-element-caption">Journ&rsquo;Alpes du 29 mars 2026</figcaption></figure>



<figure class="wp-block-embed is-type-video is-provider-youtube wp-block-embed-youtube wp-embed-aspect-16-9 wp-has-aspect-ratio"><div class="wp-block-embed__wrapper">
<iframe loading="lazy" title="Journ&#039;Alpes n°17 - Municipales citoyennes, Médias et décès de Q.Deranque, le Journ&#039;Alpes avec vous !" width="500" height="281" src="https://www.youtube.com/embed/BvgzgPOlPt4?feature=oembed" frameborder="0" allow="accelerometer; autoplay; clipboard-write; encrypted-media; gyroscope; picture-in-picture; web-share" referrerpolicy="strict-origin-when-cross-origin" allowfullscreen></iframe>
</div><figcaption class="wp-element-caption">Journ&rsquo;Alpes du 8 mars 2026</figcaption></figure>



<figure class="wp-block-embed is-type-video is-provider-youtube wp-block-embed-youtube wp-embed-aspect-16-9 wp-has-aspect-ratio"><div class="wp-block-embed__wrapper">
<iframe loading="lazy" title="Journ&#039;Alpes n°16 - Prix de l&#039;eau, Fin des papèteries, Fakenews au gouvernement, Trump &amp; pol-ICE" width="500" height="281" src="https://www.youtube.com/embed/F85iDAK4j_s?feature=oembed" frameborder="0" allow="accelerometer; autoplay; clipboard-write; encrypted-media; gyroscope; picture-in-picture; web-share" referrerpolicy="strict-origin-when-cross-origin" allowfullscreen></iframe>
</div><figcaption class="wp-element-caption">Journ&rsquo;Alpes du 15 février 2026</figcaption></figure>



<figure class="wp-block-embed is-type-video is-provider-youtube wp-block-embed-youtube wp-embed-aspect-16-9 wp-has-aspect-ratio"><div class="wp-block-embed__wrapper">
<iframe loading="lazy" title="Journ&#039;Alpes n°15 - Budget, Grenouille &amp; Représentation" width="500" height="281" src="https://www.youtube.com/embed/MvfuOM6ux4U?feature=oembed" frameborder="0" allow="accelerometer; autoplay; clipboard-write; encrypted-media; gyroscope; picture-in-picture; web-share" referrerpolicy="strict-origin-when-cross-origin" allowfullscreen></iframe>
</div><figcaption class="wp-element-caption">Journ&rsquo;Alpes du 24 janvier 2026</figcaption></figure>



<figure class="wp-block-embed is-type-video is-provider-youtube wp-block-embed-youtube wp-embed-aspect-16-9 wp-has-aspect-ratio"><div class="wp-block-embed__wrapper">
<iframe loading="lazy" title="Le JOURN&#039;Alpes Le JT N°9 - Patrimoine privatisé / Absence de transparence" width="500" height="281" src="https://www.youtube.com/embed/YGY03jM-lME?feature=oembed" frameborder="0" allow="accelerometer; autoplay; clipboard-write; encrypted-media; gyroscope; picture-in-picture; web-share" referrerpolicy="strict-origin-when-cross-origin" allowfullscreen></iframe>
</div><figcaption class="wp-element-caption">Journ&rsquo;Alpes du 21 septembre 2025</figcaption></figure>



<figure class="wp-block-embed is-type-video is-provider-youtube wp-block-embed-youtube wp-embed-aspect-16-9 wp-has-aspect-ratio"><div class="wp-block-embed__wrapper">
<iframe loading="lazy" title="Le JOURN&#039;Alpes Le JT N8 La rentrée politique, éducative, culturelle" width="500" height="281" src="https://www.youtube.com/embed/OtISD6Pt-nk?feature=oembed" frameborder="0" allow="accelerometer; autoplay; clipboard-write; encrypted-media; gyroscope; picture-in-picture; web-share" referrerpolicy="strict-origin-when-cross-origin" allowfullscreen></iframe>
</div><figcaption class="wp-element-caption">Le Journ&rsquo;Alpes du 30 Août 2025 </figcaption></figure>



<figure class="wp-block-embed is-type-video is-provider-youtube wp-block-embed-youtube wp-embed-aspect-16-9 wp-has-aspect-ratio"><div class="wp-block-embed__wrapper">
<iframe loading="lazy" title="Le Journ&#039;Alpes n°7 - Tunnels, Barrages, Abattage de troupeaux, Arrêtés préfectoraux" width="500" height="281" src="https://www.youtube.com/embed/Dpk9RLYyUVE?feature=oembed" frameborder="0" allow="accelerometer; autoplay; clipboard-write; encrypted-media; gyroscope; picture-in-picture; web-share" referrerpolicy="strict-origin-when-cross-origin" allowfullscreen></iframe>
</div><figcaption class="wp-element-caption">Le Journ&rsquo;Alpes du 10 Août 2025</figcaption></figure>



<figure class="wp-block-embed is-type-video is-provider-youtube wp-block-embed-youtube wp-embed-aspect-16-9 wp-has-aspect-ratio"><div class="wp-block-embed__wrapper">
<iframe loading="lazy" title="Le Journ&#039;Alpes 6 - Députés : Un an de mandat pour quel bilan ?" width="500" height="281" src="https://www.youtube.com/embed/GBDcg3-tmgY?feature=oembed" frameborder="0" allow="accelerometer; autoplay; clipboard-write; encrypted-media; gyroscope; picture-in-picture; web-share" referrerpolicy="strict-origin-when-cross-origin" allowfullscreen></iframe>
</div><figcaption class="wp-element-caption">Le Journ&rsquo;Alpes du 20 juillet 2025</figcaption></figure>



<figure class="wp-block-embed is-type-video is-provider-youtube wp-block-embed-youtube wp-embed-aspect-16-9 wp-has-aspect-ratio"><div class="wp-block-embed__wrapper">
<iframe loading="lazy" title="Le Journ&#039;Alpes - La Tarentaise sera-t-elle une poubelle SEVESO ?" width="500" height="281" src="https://www.youtube.com/embed/U_9sTIVn-io?feature=oembed" frameborder="0" allow="accelerometer; autoplay; clipboard-write; encrypted-media; gyroscope; picture-in-picture; web-share" referrerpolicy="strict-origin-when-cross-origin" allowfullscreen></iframe>
</div><figcaption class="wp-element-caption">Le Jpurn&rsquo;Alpes, édition du 29 juin 2025</figcaption></figure>



<figure class="wp-block-embed is-type-video is-provider-youtube wp-block-embed-youtube wp-embed-aspect-16-9 wp-has-aspect-ratio"><div class="wp-block-embed__wrapper">
<iframe loading="lazy" title="Le Journ&#039;Alpes, Maltraitance d&#039;enfants en Savoie, l’État savait" width="500" height="281" src="https://www.youtube.com/embed/i69Yx0KEU1s?feature=oembed" frameborder="0" allow="accelerometer; autoplay; clipboard-write; encrypted-media; gyroscope; picture-in-picture; web-share" referrerpolicy="strict-origin-when-cross-origin" allowfullscreen></iframe>
</div><figcaption class="wp-element-caption">Le Journ&rsquo;Alpes, édition du 8 juin 2025</figcaption></figure>



<figure class="wp-block-embed is-type-video is-provider-youtube wp-block-embed-youtube wp-embed-aspect-16-9 wp-has-aspect-ratio"><div class="wp-block-embed__wrapper">
<iframe loading="lazy" title="Le Journ&#039;Alpes, l&#039;info indépendante et locale -18 mai 2025" width="500" height="281" src="https://www.youtube.com/embed/mhultBtYoio?feature=oembed" frameborder="0" allow="accelerometer; autoplay; clipboard-write; encrypted-media; gyroscope; picture-in-picture; web-share" referrerpolicy="strict-origin-when-cross-origin" allowfullscreen></iframe>
</div><figcaption class="wp-element-caption">Le Journ&rsquo;Alpes, édition du 18 mai 2025</figcaption></figure>



<figure class="wp-block-embed is-type-video is-provider-youtube wp-block-embed-youtube wp-embed-aspect-16-9 wp-has-aspect-ratio"><div class="wp-block-embed__wrapper">
<iframe loading="lazy" title="Le Journ&#039;Alpes, l&#039;info indépendante et locale - 27 avril 2025" width="500" height="281" src="https://www.youtube.com/embed/q_v_pFO6M04?feature=oembed" frameborder="0" allow="accelerometer; autoplay; clipboard-write; encrypted-media; gyroscope; picture-in-picture; web-share" referrerpolicy="strict-origin-when-cross-origin" allowfullscreen></iframe>
</div><figcaption class="wp-element-caption">Le Journ&rsquo;Alpes, édition du 27 avril 2025</figcaption></figure>



<figure class="wp-block-embed is-type-video is-provider-youtube wp-block-embed-youtube wp-embed-aspect-16-9 wp-has-aspect-ratio"><div class="wp-block-embed__wrapper">
<iframe loading="lazy" title="LE JOURNALPES, l&#039;info indépendante et locale - 6 avril 2025" width="500" height="281" src="https://www.youtube.com/embed/QNCuu_0yQ_Y?feature=oembed" frameborder="0" allow="accelerometer; autoplay; clipboard-write; encrypted-media; gyroscope; picture-in-picture; web-share" referrerpolicy="strict-origin-when-cross-origin" allowfullscreen></iframe>
</div><figcaption class="wp-element-caption">Le Journ&rsquo;Alpes, édition du 6 avril 2025</figcaption></figure>



<figure class="wp-block-embed is-type-video is-provider-youtube wp-block-embed-youtube wp-embed-aspect-16-9 wp-has-aspect-ratio"><div class="wp-block-embed__wrapper">
<iframe loading="lazy" title="Teaser pour le Journ&#039;Alpes, créé en avril 2025" width="500" height="281" src="https://www.youtube.com/embed/VbJsPFRcsUg?feature=oembed" frameborder="0" allow="accelerometer; autoplay; clipboard-write; encrypted-media; gyroscope; picture-in-picture; web-share" referrerpolicy="strict-origin-when-cross-origin" allowfullscreen></iframe>
</div></figure>



<p></p>

<p>Les éditions précédentes :</p>
